{"id":358,"date":"2026-05-11T13:31:27","date_gmt":"2026-05-11T10:31:27","guid":{"rendered":"https:\/\/mlhgurkan.com\/?page_id=358"},"modified":"2026-05-11T13:36:39","modified_gmt":"2026-05-11T10:36:39","slug":"online-psikoterapi-nedir-surec-avantajlar-ve-merak-edilenler","status":"publish","type":"page","link":"https:\/\/mlhgurkan.com\/index.php\/online-psikoterapi-nedir-surec-avantajlar-ve-merak-edilenler\/","title":{"rendered":"Online Psikoterapi Nedir?"},"content":{"rendered":"<p data-start=\"82\" data-end=\"162\">Online Psikoterapi Nedir? S\u00fcre\u00e7, Avantajlar ve Merak Edilenler<\/p>\n<h1><b>Online Psikoterapi Nedir?<\/b><\/h1>\n<p><span style=\"font-weight: 400;\">Online psikoterapi, psikolojik destek s\u00fcrecinin g\u00f6r\u00fcnt\u00fcl\u00fc g\u00f6r\u00fc\u015fme arac\u0131l\u0131\u011f\u0131yla internet \u00fczerinden y\u00fcr\u00fct\u00fclmesidir. Dan\u0131\u015fan ve terapist ayn\u0131 fiziksel ortamda bulunmadan, g\u00fcvenli dijital platformlar \u00fczerinden g\u00f6r\u00fc\u015fme ger\u00e7ekle\u015ftirir.<\/span><\/p>\n<p><span style=\"font-weight: 400;\">Son y\u0131llarda \u00f6zellikle:<\/span><\/p>\n<ul>\n<li style=\"font-weight: 400;\" aria-level=\"1\"><span style=\"font-weight: 400;\">yo\u011fun ya\u015fam temposu,<\/span><\/li>\n<li style=\"font-weight: 400;\" aria-level=\"1\"><span style=\"font-weight: 400;\">ula\u015f\u0131m zorluklar\u0131,<\/span><\/li>\n<li style=\"font-weight: 400;\" aria-level=\"1\"><span style=\"font-weight: 400;\">\u015fehir de\u011fi\u015fiklikleri,<\/span><\/li>\n<li style=\"font-weight: 400;\" aria-level=\"1\"><span style=\"font-weight: 400;\">yurtd\u0131\u015f\u0131nda ya\u015fama,<\/span><\/li>\n<li style=\"font-weight: 400;\" aria-level=\"1\"><span style=\"font-weight: 400;\">zaman y\u00f6netimi ihtiyac\u0131<\/span><\/li>\n<\/ul>\n<p><span style=\"font-weight: 400;\">gibi nedenlerle online terapiye olan ilgi belirgin \u015fekilde artm\u0131\u015ft\u0131r.<\/span><\/p>\n<p><span style=\"font-weight: 400;\">Bug\u00fcn bir\u00e7ok ki\u015fi i\u00e7in online psikoterapi, y\u00fcz y\u00fcze terapi kadar do\u011fal ve eri\u015filebilir bir destek y\u00f6ntemi haline gelmi\u015ftir.<\/span><\/p>\n<h1><b>Online Psikoterapi Nas\u0131l Yap\u0131l\u0131r?<\/b><\/h1>\n<p><span style=\"font-weight: 400;\">Online terapi genellikle:<\/span><\/p>\n<ul>\n<li style=\"font-weight: 400;\" aria-level=\"1\"><span style=\"font-weight: 400;\">Zoom,<\/span><\/li>\n<li style=\"font-weight: 400;\" aria-level=\"1\"><span style=\"font-weight: 400;\">Google Meet,<\/span><\/li>\n<li style=\"font-weight: 400;\" aria-level=\"1\"><span style=\"font-weight: 400;\">Microsoft Teams<\/span><span style=\"font-weight: 400;\"><br \/>\n<\/span><span style=\"font-weight: 400;\">gibi g\u00f6r\u00fcnt\u00fcl\u00fc g\u00f6r\u00fc\u015fme platformlar\u0131 \u00fczerinden yap\u0131l\u0131r.<\/span><\/li>\n<\/ul>\n<p><span style=\"font-weight: 400;\">Seans s\u0131ras\u0131nda:<\/span><\/p>\n<ul>\n<li style=\"font-weight: 400;\" aria-level=\"1\"><span style=\"font-weight: 400;\">terapist ve dan\u0131\u015fan belirlenen saatte g\u00f6r\u00fc\u015fmeye ba\u011flan\u0131r,<\/span><\/li>\n<li style=\"font-weight: 400;\" aria-level=\"1\"><span style=\"font-weight: 400;\">terapi s\u00fcreci y\u00fcz y\u00fcze seansa benzer \u015fekilde ilerler,<\/span><\/li>\n<li style=\"font-weight: 400;\" aria-level=\"1\"><span style=\"font-weight: 400;\">duygu, d\u00fc\u015f\u00fcnce ve ya\u015fam deneyimleri \u00fczerinde \u00e7al\u0131\u015f\u0131l\u0131r.<\/span><\/li>\n<\/ul>\n<p><span style=\"font-weight: 400;\">Seanslar\u0131n verimli ge\u00e7ebilmesi i\u00e7in:<\/span><\/p>\n<ul>\n<li style=\"font-weight: 400;\" aria-level=\"1\"><span style=\"font-weight: 400;\">sessiz bir ortam,<\/span><\/li>\n<li style=\"font-weight: 400;\" aria-level=\"1\"><span style=\"font-weight: 400;\">stabil internet ba\u011flant\u0131s\u0131,<\/span><\/li>\n<li style=\"font-weight: 400;\" aria-level=\"1\"><span style=\"font-weight: 400;\">mahremiyet sa\u011flayan bir alan<\/span><span style=\"font-weight: 400;\"><br \/>\n<\/span><span style=\"font-weight: 400;\">\u00f6nemlidir.<\/span><\/li>\n<\/ul>\n<h1><b>Online Terapi ile Y\u00fcz Y\u00fcze Terapi Aras\u0131nda Fark Var m\u0131?<\/b><\/h1>\n<p><span style=\"font-weight: 400;\">Ara\u015ft\u0131rmalar, bir\u00e7ok psikolojik konuda online terapinin etkili bir y\u00f6ntem olabilece\u011fini g\u00f6stermektedir.<\/span><\/p>\n<p><span style=\"font-weight: 400;\">\u00d6zellikle:<\/span><\/p>\n<ul>\n<li style=\"font-weight: 400;\" aria-level=\"1\"><span style=\"font-weight: 400;\">kayg\u0131,<\/span><\/li>\n<li style=\"font-weight: 400;\" aria-level=\"1\"><span style=\"font-weight: 400;\">stres,<\/span><\/li>\n<li style=\"font-weight: 400;\" aria-level=\"1\"><span style=\"font-weight: 400;\">erteleme,<\/span><\/li>\n<li style=\"font-weight: 400;\" aria-level=\"1\"><span style=\"font-weight: 400;\">ili\u015fki problemleri,<\/span><\/li>\n<li style=\"font-weight: 400;\" aria-level=\"1\"><span style=\"font-weight: 400;\">duygu d\u00fczenleme,<\/span><\/li>\n<li style=\"font-weight: 400;\" aria-level=\"1\"><span style=\"font-weight: 400;\">t\u00fckenmi\u015flik,<\/span><\/li>\n<li style=\"font-weight: 400;\" aria-level=\"1\"><span style=\"font-weight: 400;\">ya\u015fam ge\u00e7i\u015fleri<\/span><\/li>\n<\/ul>\n<p><span style=\"font-weight: 400;\">gibi alanlarda online terapi olduk\u00e7a yayg\u0131n kullan\u0131lmaktad\u0131r.<\/span><\/p>\n<p><span style=\"font-weight: 400;\">Ancak her dan\u0131\u015fan\u0131n ihtiyac\u0131 farkl\u0131d\u0131r. Baz\u0131 ki\u015filer fiziksel ortamda bulunmay\u0131 daha g\u00fcvenli hissederken, baz\u0131lar\u0131 online g\u00f6r\u00fc\u015fmelerde daha rahat a\u00e7\u0131labilmektedir.<\/span><\/p>\n<p><span style=\"font-weight: 400;\">Terapi s\u00fcrecinde \u00f6nemli olan yaln\u0131zca ortam de\u011fil; terap\u00f6tik ili\u015fki, g\u00fcven duygusu ve s\u00fcrekliliktir.<\/span><\/p>\n<h1><b>Online Psikoterapinin Avantajlar\u0131<\/b><\/h1>\n<h2><b>1. Zamandan Tasarruf Sa\u011flayabilir<\/b><\/h2>\n<p><span style=\"font-weight: 400;\">Ula\u015f\u0131m s\u00fcresi ortadan kalkt\u0131\u011f\u0131 i\u00e7in \u00f6zellikle yo\u011fun \u00e7al\u0131\u015fan ki\u015filer i\u00e7in daha s\u00fcrd\u00fcr\u00fclebilir olabilir.<\/span><\/p>\n<h2><b>2. Bulundu\u011funuz Yerden Destek Alma \u0130mkan\u0131 Sunar<\/b><\/h2>\n<p><span style=\"font-weight: 400;\">Farkl\u0131 \u015fehirde veya \u00fclkede ya\u015fayan ki\u015filer, kendi dillerinde psikolojik destek alma f\u0131rsat\u0131 bulabilir.<\/span><\/p>\n<h2><b>3. Daha Esnek Planlama Sa\u011flayabilir<\/b><\/h2>\n<p><span style=\"font-weight: 400;\">\u0130\u015f, okul veya aile sorumluluklar\u0131 nedeniyle y\u00fcz y\u00fcze terapiye d\u00fczenli gitmekte zorlanan ki\u015filer i\u00e7in kolayla\u015ft\u0131r\u0131c\u0131 olabilir.<\/span><\/p>\n<h2><b>4. Baz\u0131 Ki\u015filer \u0130\u00e7in Daha G\u00fcvenli Hissettirebilir<\/b><\/h2>\n<p><span style=\"font-weight: 400;\">Kendi ortam\u0131nda bulunmak baz\u0131 dan\u0131\u015fanlar\u0131n daha rahat konu\u015fmas\u0131na yard\u0131mc\u0131 olabilir.<\/span><\/p>\n<p><span style=\"font-weight: 400;\">\u00d6zellikle:<\/span><\/p>\n<ul>\n<li style=\"font-weight: 400;\" aria-level=\"1\"><span style=\"font-weight: 400;\">sosyal kayg\u0131 ya\u015fayan ki\u015filer,<\/span><\/li>\n<li style=\"font-weight: 400;\" aria-level=\"1\"><span style=\"font-weight: 400;\">yo\u011fun stres alt\u0131nda olanlar,<\/span><\/li>\n<li style=\"font-weight: 400;\" aria-level=\"1\"><span style=\"font-weight: 400;\">ilk kez terapiye ba\u015flayacak bireyler<\/span><\/li>\n<\/ul>\n<p><span style=\"font-weight: 400;\">online g\u00f6r\u00fc\u015fmelerde daha az bask\u0131 hissedebilir.<\/span><\/p>\n<h1><b>Online Terapi Kimler \u0130\u00e7in Uygun Olabilir?<\/b><\/h1>\n<p><span style=\"font-weight: 400;\">Online psikoterapi \u00f6zellikle:<\/span><\/p>\n<ul>\n<li style=\"font-weight: 400;\" aria-level=\"1\"><span style=\"font-weight: 400;\">yo\u011fun \u00e7al\u0131\u015fan yeti\u015fkinler,<\/span><\/li>\n<li style=\"font-weight: 400;\" aria-level=\"1\"><span style=\"font-weight: 400;\">\u00fcniversite \u00f6\u011frencileri,<\/span><\/li>\n<li style=\"font-weight: 400;\" aria-level=\"1\"><span style=\"font-weight: 400;\">yurtd\u0131\u015f\u0131nda ya\u015fayan ki\u015filer,<\/span><\/li>\n<li style=\"font-weight: 400;\" aria-level=\"1\"><span style=\"font-weight: 400;\">hareket k\u0131s\u0131tl\u0131l\u0131\u011f\u0131 ya\u015fayan bireyler,<\/span><\/li>\n<li style=\"font-weight: 400;\" aria-level=\"1\"><span style=\"font-weight: 400;\">\u015fehir d\u0131\u015f\u0131nda ya\u015fayan dan\u0131\u015fanlar<\/span><span style=\"font-weight: 400;\"><br \/>\n<\/span><span style=\"font-weight: 400;\">i\u00e7in uygun olabilir.<\/span><\/li>\n<\/ul>\n<p><span style=\"font-weight: 400;\">Ayr\u0131ca ergenler ve ebeveynlerle yap\u0131lan baz\u0131 dan\u0131\u015fmanl\u0131k s\u00fcre\u00e7lerinde de online g\u00f6r\u00fc\u015fmeler etkili \u015fekilde kullan\u0131labilmektedir.<\/span><\/p>\n<h1><b>Online Terapiye Ba\u015flamadan \u00d6nce Nelere Dikkat Edilmeli?<\/b><\/h1>\n<h2><b>Sessiz ve G\u00fcvenli Bir Alan Olu\u015fturun<\/b><\/h2>\n<p><span style=\"font-weight: 400;\">Seans s\u0131ras\u0131nda b\u00f6l\u00fcnmeyece\u011finiz bir ortam se\u00e7mek s\u00fcrecin verimini art\u0131r\u0131r.<\/span><\/p>\n<h2><b>Kulakl\u0131k Kullanmak Faydal\u0131 Olabilir<\/b><\/h2>\n<p><span style=\"font-weight: 400;\">Hem ses kalitesini art\u0131r\u0131r hem de mahremiyet hissini destekler.<\/span><\/p>\n<h2><b>Ger\u00e7ek\u00e7i Beklentilerle Ba\u015flay\u0131n<\/b><\/h2>\n<p><span style=\"font-weight: 400;\">Terapi genellikle tek g\u00f6r\u00fc\u015fmede \u00e7\u00f6z\u00fclen bir s\u00fcre\u00e7 de\u011fildir. G\u00fcven ili\u015fkisi zaman i\u00e7inde geli\u015fir.<\/span><\/p>\n<h1><b>Online Psikoterapi G\u00fcvenilir mi?<\/b><\/h1>\n<p><span style=\"font-weight: 400;\">Terapi s\u00fcrecinde gizlilik ve etik ilkeler olduk\u00e7a \u00f6nemlidir. Bu nedenle \u00e7al\u0131\u015f\u0131lan uzman\u0131n:<\/span><\/p>\n<ul>\n<li style=\"font-weight: 400;\" aria-level=\"1\"><span style=\"font-weight: 400;\">e\u011fitim ge\u00e7mi\u015fi,<\/span><\/li>\n<li style=\"font-weight: 400;\" aria-level=\"1\"><span style=\"font-weight: 400;\">mesleki yetkinli\u011fi,<\/span><\/li>\n<li style=\"font-weight: 400;\" aria-level=\"1\"><span style=\"font-weight: 400;\">etik yakla\u015f\u0131m\u0131<\/span><span style=\"font-weight: 400;\"><br \/>\n<\/span><span style=\"font-weight: 400;\">dikkate al\u0131nmal\u0131d\u0131r.<\/span><\/li>\n<\/ul>\n<p><span style=\"font-weight: 400;\">Ayr\u0131ca kullan\u0131lan dijital platformlar\u0131n g\u00fcvenli\u011fi ve g\u00f6r\u00fc\u015fme ortam\u0131n\u0131n mahremiyeti de \u00f6nem ta\u015f\u0131r.<\/span><\/p>\n<h1><b>S\u0131k Sorulan Sorular<\/b><\/h1>\n<h2><b>Online terapi y\u00fcz y\u00fcze terapi kadar etkili midir?<\/b><\/h2>\n<p><span style=\"font-weight: 400;\">Bir\u00e7ok konuda etkili olabilece\u011fini g\u00f6steren ara\u015ft\u0131rmalar bulunmaktad\u0131r. Ancak hangi y\u00f6ntemin daha uygun oldu\u011fu ki\u015fiye g\u00f6re de\u011fi\u015febilir.<\/span><\/p>\n<h2><b>Online terapi i\u00e7in kamera a\u00e7mak zorunlu mu?<\/b><\/h2>\n<p><span style=\"font-weight: 400;\">Genellikle g\u00f6r\u00fcnt\u00fcl\u00fc g\u00f6r\u00fc\u015fme tercih edilir \u00e7\u00fcnk\u00fc terap\u00f6tik ileti\u015fimi destekler. Ancak s\u00fcre\u00e7 terapistle birlikte de\u011ferlendirilir.<\/span><\/p>\n<h2><b>Online terapi ka\u00e7 dakika s\u00fcrer?<\/b><\/h2>\n<p><span style=\"font-weight: 400;\">\u00c7o\u011fu seans yakla\u015f\u0131k 45\u201360 dakika aras\u0131nda planlan\u0131r.<\/span><\/p>\n<h2><b>Online terapi ergenler i\u00e7in uygun mu?<\/b><\/h2>\n<p><span style=\"font-weight: 400;\">Uygun yap\u0131land\u0131r\u0131ld\u0131\u011f\u0131nda ergenlerle yap\u0131lan online g\u00f6r\u00fc\u015fmeler faydal\u0131 olabilir. S\u00fcre\u00e7 ya\u015fa ve ihtiyaca g\u00f6re \u015fekillenir.<\/span><\/p>\n<h1><b>Sonu\u00e7<\/b><\/h1>\n<p><span style=\"font-weight: 400;\">Online psikoterapi, psikolojik deste\u011fe eri\u015fimi kolayla\u015ft\u0131ran modern bir terapi y\u00f6ntemidir. \u00d6zellikle yo\u011fun ya\u015fam temposunda, farkl\u0131 \u015fehirlerde veya \u00fclkelerde ya\u015fayan ki\u015filer i\u00e7in s\u00fcrd\u00fcr\u00fclebilir bir se\u00e7enek sunabilir.<\/span><\/p>\n<p><span style=\"font-weight: 400;\">Terapi s\u00fcrecinde en \u00f6nemli unsurlardan biri; ki\u015finin kendini g\u00fcvende hissedebildi\u011fi, yarg\u0131lanmadan konu\u015fabildi\u011fi bir ili\u015fki kurabilmesidir.<\/span><\/p>\n<p><span style=\"font-weight: 400;\">Online ya da y\u00fcz y\u00fcze olmas\u0131 fark etmeksizin, do\u011fru terap\u00f6tik ili\u015fki bir\u00e7ok ki\u015fi i\u00e7in anlaml\u0131 bir destek alan\u0131 olu\u015fturabilir.<\/span><\/p>\n<p><span style=\"font-weight: 400;\">Online terapi s\u00fcreci hakk\u0131nda daha fazla bilgi almak veya g\u00f6r\u00fc\u015fme se\u00e7eneklerini de\u011ferlendirmek i\u00e7in ileti\u015fime ge\u00e7ebilirsiniz.<\/span><\/p>\n<p data-start=\"164\" data-end=\"336\">\n","protected":false},"excerpt":{"rendered":"<p>Online Psikoterapi Nedir? S\u00fcre\u00e7, Avantajlar ve Merak Edilenler Online Psikoterapi Nedir? Online psikoterapi, psikolojik destek s\u00fcrecinin g\u00f6r\u00fcnt\u00fcl\u00fc g\u00f6r\u00fc\u015fme arac\u0131l\u0131\u011f\u0131yla internet \u00fczerinden y\u00fcr\u00fct\u00fclmesidir. Dan\u0131\u015fan ve terapist ayn\u0131 fiziksel ortamda bulunmadan, g\u00fcvenli dijital platformlar \u00fczerinden g\u00f6r\u00fc\u015fme ger\u00e7ekle\u015ftirir. Son y\u0131llarda \u00f6zellikle: yo\u011fun ya\u015fam temposu, ula\u015f\u0131m zorluklar\u0131, \u015fehir de\u011fi\u015fiklikleri, yurtd\u0131\u015f\u0131nda ya\u015fama, zaman y\u00f6netimi ihtiyac\u0131 gibi nedenlerle online terapiye olan &hellip; <\/p>\n<p class=\"link-more\"><a href=\"https:\/\/mlhgurkan.com\/index.php\/online-psikoterapi-nedir-surec-avantajlar-ve-merak-edilenler\/\" class=\"more-link\">Okumaya devam et<span class=\"screen-reader-text\"> &#8220;Online Psikoterapi Nedir?&#8221;<\/span><\/a><\/p>\n","protected":false},"author":1,"featured_media":0,"parent":0,"menu_order":0,"comment_status":"closed","ping_status":"closed","template":"","meta":{"om_disable_all_campaigns":false,"_monsterinsights_skip_tracking":false,"_monsterinsights_sitenote_active":false,"_monsterinsights_sitenote_note":"","_monsterinsights_sitenote_category":0,"_joinchat":[],"footnotes":""},"class_list":["post-358","page","type-page","status-publish","hentry"],"yoast_head":"<!-- This site is optimized with the Yoast SEO plugin v27.6 - https:\/\/yoast.com\/product\/yoast-seo-wordpress\/ -->\n<title>Online Psikoterapi Nedir? - Melih G\u00fcrkan<\/title>\n<meta name=\"description\" content=\"Online psikoterapi nas\u0131l yap\u0131l\u0131r, kimler i\u00e7in uygundur ve y\u00fcz y\u00fcze terapiye g\u00f6re farklar\u0131 nelerdir? Online terapi s\u00fcrecini detayl\u0131 \u015fekilde ke\u015ffedin. %\" \/>\n<meta name=\"robots\" content=\"index, follow, max-snippet:-1, max-image-preview:large, max-video-preview:-1\" \/>\n<link rel=\"canonical\" href=\"https:\/\/mlhgurkan.com\/index.php\/online-psikoterapi-nedir-surec-avantajlar-ve-merak-edilenler\/\" \/>\n<meta property=\"og:locale\" content=\"tr_TR\" \/>\n<meta property=\"og:type\" content=\"article\" \/>\n<meta property=\"og:title\" content=\"Online Psikoterapi Nedir? - Melih G\u00fcrkan\" \/>\n<meta property=\"og:description\" content=\"Online psikoterapi nas\u0131l yap\u0131l\u0131r, kimler i\u00e7in uygundur ve y\u00fcz y\u00fcze terapiye g\u00f6re farklar\u0131 nelerdir? Online terapi s\u00fcrecini detayl\u0131 \u015fekilde ke\u015ffedin. %\" \/>\n<meta property=\"og:url\" content=\"https:\/\/mlhgurkan.com\/index.php\/online-psikoterapi-nedir-surec-avantajlar-ve-merak-edilenler\/\" \/>\n<meta property=\"og:site_name\" content=\"Melih G\u00fcrkan\" \/>\n<meta property=\"article:modified_time\" content=\"2026-05-11T10:36:39+00:00\" \/>\n<meta name=\"twitter:card\" content=\"summary_large_image\" \/>\n<meta name=\"twitter:label1\" content=\"Tahmini okuma s\u00fcresi\" \/>\n\t<meta name=\"twitter:data1\" content=\"4 dakika\" \/>\n<script type=\"application\/ld+json\" class=\"yoast-schema-graph\">{\"@context\":\"https:\\\/\\\/schema.org\",\"@graph\":[{\"@type\":\"WebPage\",\"@id\":\"https:\\\/\\\/mlhgurkan.com\\\/index.php\\\/online-psikoterapi-nedir-surec-avantajlar-ve-merak-edilenler\\\/\",\"url\":\"https:\\\/\\\/mlhgurkan.com\\\/index.php\\\/online-psikoterapi-nedir-surec-avantajlar-ve-merak-edilenler\\\/\",\"name\":\"Online Psikoterapi Nedir? - Melih G\u00fcrkan\",\"isPartOf\":{\"@id\":\"https:\\\/\\\/mlhgurkan.com\\\/#website\"},\"datePublished\":\"2026-05-11T10:31:27+00:00\",\"dateModified\":\"2026-05-11T10:36:39+00:00\",\"description\":\"Online psikoterapi nas\u0131l yap\u0131l\u0131r, kimler i\u00e7in uygundur ve y\u00fcz y\u00fcze terapiye g\u00f6re farklar\u0131 nelerdir? Online terapi s\u00fcrecini detayl\u0131 \u015fekilde ke\u015ffedin. %\",\"breadcrumb\":{\"@id\":\"https:\\\/\\\/mlhgurkan.com\\\/index.php\\\/online-psikoterapi-nedir-surec-avantajlar-ve-merak-edilenler\\\/#breadcrumb\"},\"inLanguage\":\"tr\",\"potentialAction\":[{\"@type\":\"ReadAction\",\"target\":[\"https:\\\/\\\/mlhgurkan.com\\\/index.php\\\/online-psikoterapi-nedir-surec-avantajlar-ve-merak-edilenler\\\/\"]}]},{\"@type\":\"BreadcrumbList\",\"@id\":\"https:\\\/\\\/mlhgurkan.com\\\/index.php\\\/online-psikoterapi-nedir-surec-avantajlar-ve-merak-edilenler\\\/#breadcrumb\",\"itemListElement\":[{\"@type\":\"ListItem\",\"position\":1,\"name\":\"Anasayfa\",\"item\":\"https:\\\/\\\/mlhgurkan.com\\\/\"},{\"@type\":\"ListItem\",\"position\":2,\"name\":\"Online Psikoterapi Nedir?\"}]},{\"@type\":\"WebSite\",\"@id\":\"https:\\\/\\\/mlhgurkan.com\\\/#website\",\"url\":\"https:\\\/\\\/mlhgurkan.com\\\/\",\"name\":\"Melih G\u00fcrkan\",\"description\":\"Uzm. Psikolojik Dan\u0131\u015fman, Psikoterapist\",\"publisher\":{\"@id\":\"https:\\\/\\\/mlhgurkan.com\\\/#\\\/schema\\\/person\\\/cc2f796de39190997ac572b3ce8b254f\"},\"potentialAction\":[{\"@type\":\"SearchAction\",\"target\":{\"@type\":\"EntryPoint\",\"urlTemplate\":\"https:\\\/\\\/mlhgurkan.com\\\/?s={search_term_string}\"},\"query-input\":{\"@type\":\"PropertyValueSpecification\",\"valueRequired\":true,\"valueName\":\"search_term_string\"}}],\"inLanguage\":\"tr\"},{\"@type\":[\"Person\",\"Organization\"],\"@id\":\"https:\\\/\\\/mlhgurkan.com\\\/#\\\/schema\\\/person\\\/cc2f796de39190997ac572b3ce8b254f\",\"name\":\"Melih G\u00fcrkan\",\"image\":{\"@type\":\"ImageObject\",\"inLanguage\":\"tr\",\"@id\":\"https:\\\/\\\/mlhgurkan.com\\\/wp-content\\\/uploads\\\/2026\\\/01\\\/3.jpg\",\"url\":\"https:\\\/\\\/mlhgurkan.com\\\/wp-content\\\/uploads\\\/2026\\\/01\\\/3.jpg\",\"contentUrl\":\"https:\\\/\\\/mlhgurkan.com\\\/wp-content\\\/uploads\\\/2026\\\/01\\\/3.jpg\",\"width\":1452,\"height\":1873,\"caption\":\"Melih G\u00fcrkan\"},\"logo\":{\"@id\":\"https:\\\/\\\/mlhgurkan.com\\\/wp-content\\\/uploads\\\/2026\\\/01\\\/3.jpg\"},\"sameAs\":[\"http:\\\/\\\/mlhgurkan.com\"]}]}<\/script>\n<!-- \/ Yoast SEO plugin. -->","yoast_head_json":{"title":"Online Psikoterapi Nedir? - Melih G\u00fcrkan","description":"Online psikoterapi nas\u0131l yap\u0131l\u0131r, kimler i\u00e7in uygundur ve y\u00fcz y\u00fcze terapiye g\u00f6re farklar\u0131 nelerdir? Online terapi s\u00fcrecini detayl\u0131 \u015fekilde ke\u015ffedin. %","robots":{"index":"index","follow":"follow","max-snippet":"max-snippet:-1","max-image-preview":"max-image-preview:large","max-video-preview":"max-video-preview:-1"},"canonical":"https:\/\/mlhgurkan.com\/index.php\/online-psikoterapi-nedir-surec-avantajlar-ve-merak-edilenler\/","og_locale":"tr_TR","og_type":"article","og_title":"Online Psikoterapi Nedir? - Melih G\u00fcrkan","og_description":"Online psikoterapi nas\u0131l yap\u0131l\u0131r, kimler i\u00e7in uygundur ve y\u00fcz y\u00fcze terapiye g\u00f6re farklar\u0131 nelerdir? Online terapi s\u00fcrecini detayl\u0131 \u015fekilde ke\u015ffedin. %","og_url":"https:\/\/mlhgurkan.com\/index.php\/online-psikoterapi-nedir-surec-avantajlar-ve-merak-edilenler\/","og_site_name":"Melih G\u00fcrkan","article_modified_time":"2026-05-11T10:36:39+00:00","twitter_card":"summary_large_image","twitter_misc":{"Tahmini okuma s\u00fcresi":"4 dakika"},"schema":{"@context":"https:\/\/schema.org","@graph":[{"@type":"WebPage","@id":"https:\/\/mlhgurkan.com\/index.php\/online-psikoterapi-nedir-surec-avantajlar-ve-merak-edilenler\/","url":"https:\/\/mlhgurkan.com\/index.php\/online-psikoterapi-nedir-surec-avantajlar-ve-merak-edilenler\/","name":"Online Psikoterapi Nedir? - Melih G\u00fcrkan","isPartOf":{"@id":"https:\/\/mlhgurkan.com\/#website"},"datePublished":"2026-05-11T10:31:27+00:00","dateModified":"2026-05-11T10:36:39+00:00","description":"Online psikoterapi nas\u0131l yap\u0131l\u0131r, kimler i\u00e7in uygundur ve y\u00fcz y\u00fcze terapiye g\u00f6re farklar\u0131 nelerdir? Online terapi s\u00fcrecini detayl\u0131 \u015fekilde ke\u015ffedin. %","breadcrumb":{"@id":"https:\/\/mlhgurkan.com\/index.php\/online-psikoterapi-nedir-surec-avantajlar-ve-merak-edilenler\/#breadcrumb"},"inLanguage":"tr","potentialAction":[{"@type":"ReadAction","target":["https:\/\/mlhgurkan.com\/index.php\/online-psikoterapi-nedir-surec-avantajlar-ve-merak-edilenler\/"]}]},{"@type":"BreadcrumbList","@id":"https:\/\/mlhgurkan.com\/index.php\/online-psikoterapi-nedir-surec-avantajlar-ve-merak-edilenler\/#breadcrumb","itemListElement":[{"@type":"ListItem","position":1,"name":"Anasayfa","item":"https:\/\/mlhgurkan.com\/"},{"@type":"ListItem","position":2,"name":"Online Psikoterapi Nedir?"}]},{"@type":"WebSite","@id":"https:\/\/mlhgurkan.com\/#website","url":"https:\/\/mlhgurkan.com\/","name":"Melih G\u00fcrkan","description":"Uzm. Psikolojik Dan\u0131\u015fman, Psikoterapist","publisher":{"@id":"https:\/\/mlhgurkan.com\/#\/schema\/person\/cc2f796de39190997ac572b3ce8b254f"},"potentialAction":[{"@type":"SearchAction","target":{"@type":"EntryPoint","urlTemplate":"https:\/\/mlhgurkan.com\/?s={search_term_string}"},"query-input":{"@type":"PropertyValueSpecification","valueRequired":true,"valueName":"search_term_string"}}],"inLanguage":"tr"},{"@type":["Person","Organization"],"@id":"https:\/\/mlhgurkan.com\/#\/schema\/person\/cc2f796de39190997ac572b3ce8b254f","name":"Melih G\u00fcrkan","image":{"@type":"ImageObject","inLanguage":"tr","@id":"https:\/\/mlhgurkan.com\/wp-content\/uploads\/2026\/01\/3.jpg","url":"https:\/\/mlhgurkan.com\/wp-content\/uploads\/2026\/01\/3.jpg","contentUrl":"https:\/\/mlhgurkan.com\/wp-content\/uploads\/2026\/01\/3.jpg","width":1452,"height":1873,"caption":"Melih G\u00fcrkan"},"logo":{"@id":"https:\/\/mlhgurkan.com\/wp-content\/uploads\/2026\/01\/3.jpg"},"sameAs":["http:\/\/mlhgurkan.com"]}]}},"amp_enabled":true,"_links":{"self":[{"href":"https:\/\/mlhgurkan.com\/index.php\/wp-json\/wp\/v2\/pages\/358","targetHints":{"allow":["GET"]}}],"collection":[{"href":"https:\/\/mlhgurkan.com\/index.php\/wp-json\/wp\/v2\/pages"}],"about":[{"href":"https:\/\/mlhgurkan.com\/index.php\/wp-json\/wp\/v2\/types\/page"}],"author":[{"embeddable":true,"href":"https:\/\/mlhgurkan.com\/index.php\/wp-json\/wp\/v2\/users\/1"}],"replies":[{"embeddable":true,"href":"https:\/\/mlhgurkan.com\/index.php\/wp-json\/wp\/v2\/comments?post=358"}],"version-history":[{"count":2,"href":"https:\/\/mlhgurkan.com\/index.php\/wp-json\/wp\/v2\/pages\/358\/revisions"}],"predecessor-version":[{"id":361,"href":"https:\/\/mlhgurkan.com\/index.php\/wp-json\/wp\/v2\/pages\/358\/revisions\/361"}],"wp:attachment":[{"href":"https:\/\/mlhgurkan.com\/index.php\/wp-json\/wp\/v2\/media?parent=358"}],"curies":[{"name":"wp","href":"https:\/\/api.w.org\/{rel}","templated":true}]}}